{"id":13,"date":"2022-08-16T10:31:44","date_gmt":"2022-08-16T10:31:44","guid":{"rendered":"https:\/\/guide.zero-carbon-skane.org\/index.php\/southwest-metropolitan-zone\/greater-malmo\/kirseberg\/"},"modified":"2023-03-14T12:39:12","modified_gmt":"2023-03-14T12:39:12","slug":"kirseberg","status":"publish","type":"page","link":"https:\/\/guide.zero-carbon-skane.org\/sv\/places\/southwest-metropolitan-zone\/greater-malmo\/kirseberg\/","title":{"rendered":"Kirseberg"},"content":{"rendered":"<p>Kirseberg b\u00f6rjade som en sovstad som befolkades av tidigare sk\u00e5ningar fr\u00e5n landsbygden som ville ansluta sig till den industriella arbetarklassen i slutet av 1800-talet och b\u00f6rjan av 1900-talet, men som var f\u00f6r fattiga f\u00f6r att ha r\u00e5d att bo inom vad som d\u00e5 var stadens gr\u00e4nser. Staden har sedan l\u00e4nge absorberats av <a href=\"https:\/\/guide.zero-carbon-skane.org\/sv\/places\/southwest-metropolitan-zone\/greater-malmo\/\" data-type=\"page\" data-id=\"8\">Stor-Malm\u00f6<\/a>, men Kirseberg har \u00e4nd\u00e5 mycket kvar av den visuella karakt\u00e4ren som g\u00e5tt f\u00f6rlorat hos andra samh\u00e4llen, tack vare att det var ett av de sista som gentrifierades - en process som f\u00f6rmodligen b\u00f6rjade p\u00e5 2020-talet och nu st\u00e5r i full blom, n\u00e4r blandningen av hyreshus och sm\u00e5 radhus renoveras av de pension\u00e4rer som k\u00f6pte upp dem under l\u00e5gkonjunkturen.<\/p>\n\n\n\n<p>\u00c4ven om Kirseberg har f\u00f6r\u00e4ndrats mycket demografiskt s\u00e5 finns h\u00e4r fortfarande en k\u00e4nsla av att det \u00e4r avskilt fr\u00e5n resten av staden, vilket delvis kan bero p\u00e5 dess topografi: n\u00e5got h\u00f6gre bel\u00e4get talar lokalbefolkningen ofta om att bo \"p\u00e5 backen\", medan sk\u00e4mtare nere i stan ibland kallar det f\u00f6r \"Malm\u00f6s berg\". Eller kanske \u00e4r det bara f\u00f6r att det \u00e4r effektivt inb\u00e4ddat, omringat av parker i \u00f6ster (Bulltofta g\u00e5rd) och s\u00f6der (Kungsh\u00e4lla), men inkl\u00e4mt mot j\u00e4rnv\u00e4gslinjerna och rangerbang\u00e5rdarna i norr och v\u00e4ster.<\/p>\n\n\n\n<p>Vad det \u00e4n beror p\u00e5 s\u00e5 \u00e4r Kirsebergs byk\u00e4nsla definitivt en grej och folk tenderar att antingen \u00e4lska den eller hata den.<\/p>","protected":false},"excerpt":{"rendered":"<p>\u00c4ven om Kirseberg har f\u00f6r\u00e4ndrats mycket demografiskt finns det fortfarande en k\u00e4nsla av avskildhet fr\u00e5n resten av staden, vilket delvis kan bero p\u00e5 dess topografi.<\/p>","protected":false},"author":1,"featured_media":825,"parent":8,"menu_order":0,"comment_status":"closed","ping_status":"closed","template":"","meta":{"footnotes":""},"categories":[],"tags":[],"class_list":["post-13","page","type-page","status-publish","has-post-thumbnail","hentry"],"jetpack_sharing_enabled":true,"_links":{"self":[{"href":"https:\/\/guide.zero-carbon-skane.org\/sv\/wp-json\/wp\/v2\/pages\/13","targetHints":{"allow":["GET"]}}],"collection":[{"href":"https:\/\/guide.zero-carbon-skane.org\/sv\/wp-json\/wp\/v2\/pages"}],"about":[{"href":"https:\/\/guide.zero-carbon-skane.org\/sv\/wp-json\/wp\/v2\/types\/page"}],"author":[{"embeddable":true,"href":"https:\/\/guide.zero-carbon-skane.org\/sv\/wp-json\/wp\/v2\/users\/1"}],"replies":[{"embeddable":true,"href":"https:\/\/guide.zero-carbon-skane.org\/sv\/wp-json\/wp\/v2\/comments?post=13"}],"version-history":[{"count":1,"href":"https:\/\/guide.zero-carbon-skane.org\/sv\/wp-json\/wp\/v2\/pages\/13\/revisions"}],"predecessor-version":[{"id":827,"href":"https:\/\/guide.zero-carbon-skane.org\/sv\/wp-json\/wp\/v2\/pages\/13\/revisions\/827"}],"up":[{"embeddable":true,"href":"https:\/\/guide.zero-carbon-skane.org\/sv\/wp-json\/wp\/v2\/pages\/8"}],"wp:featuredmedia":[{"embeddable":true,"href":"https:\/\/guide.zero-carbon-skane.org\/sv\/wp-json\/wp\/v2\/media\/825"}],"wp:attachment":[{"href":"https:\/\/guide.zero-carbon-skane.org\/sv\/wp-json\/wp\/v2\/media?parent=13"}],"wp:term":[{"taxonomy":"category","embeddable":true,"href":"https:\/\/guide.zero-carbon-skane.org\/sv\/wp-json\/wp\/v2\/categories?post=13"},{"taxonomy":"post_tag","embeddable":true,"href":"https:\/\/guide.zero-carbon-skane.org\/sv\/wp-json\/wp\/v2\/tags?post=13"}],"curies":[{"name":"wp","href":"https:\/\/api.w.org\/{rel}","templated":true}]}}

<p>Kirseberg började som en sovstad som befolkades av tidigare skåningar från landsbygden som ville ansluta sig till den industriella arbetarklassen i slutet av 1800-talet och början av 1900-talet, men som var för fattiga för att ha råd att bo inom vad som då var stadens gränser. Staden har sedan länge absorberats av <a href="https://guide.zero-carbon-skane.org/sv/places/southwest-metropolitan-zone/greater-malmo/" data-type="page" data-id="8">Stor-Malmö</a>, men Kirseberg har ändå mycket kvar av den visuella karaktären som gått förlorat hos andra samhällen, tack vare att det var ett av de sista som gentrifierades - en process som förmodligen började på 2020-talet och nu står i full blom, när blandningen av hyreshus och små radhus renoveras av de pensionärer som köpte upp dem under lågkonjunkturen.</p>



<p>Även om Kirseberg har förändrats mycket demografiskt så finns här fortfarande en känsla av att det är avskilt från resten av staden, vilket delvis kan bero på dess topografi: något högre beläget talar lokalbefolkningen ofta om att bo "på backen", medan skämtare nere i stan ibland kallar det för "Malmös berg". Eller kanske är det bara för att det är effektivt inbäddat, omringat av parker i öster (Bulltofta gård) och söder (Kungshälla), men inklämt mot järnvägslinjerna och rangerbangårdarna i norr och väster.</p>



<p>Vad det än beror på så är Kirsebergs bykänsla definitivt en grej och folk tenderar att antingen älska den eller hata den.</p>

<p>Även om Kirseberg har förändrats mycket demografiskt finns det fortfarande en känsla av avskildhet från resten av staden, vilket delvis kan bero på dess topografi.</p>
